62650
In base 12, what is 82b92 - 5?
82b89
In base 9, what is 3837361 - -5?
3837366
In base 4, what is -221 + -33230?
-100111
In base 14, what is 99 + 9ba?
a75
In base 15, what is 1 + b788?
b789
In base 14, what is ac0d - -8?
ac17
In base 4, what is 1 + 10322112?
10322113
In base 12, what is -10473 - -14?
-1045b
In base 15, what is 454ed - 4?
454e9
In base 3, what is -120002211102 + 120?
-120002210212
In base 12, what is -38 - -2206?
218a
In base 11, what is 10598 + 16a?
10757
In base 7, what is 5 + -211604?
-211566
In base 14, what is -3 - -2173a7?
2173a4
In base 9, what is 2 - -2654?
2656
In base 14, what is -16b1 + -5?
-16b6
In base 13, what is 20 + 1728?
1748
In base 10, what is -7430 - -6?
-7424
In base 14, what is -1a - 1822?
-183c
In base 3, what is 0 + 1220011?
1220011
In base 5, what is -3233 - -20324?
12041
In base 15, what is ac - -cee?
dab
In base 5, what is -2 - -3023140?
3023133
In base 3, what is 220100 + 2112?
222212
In base 6, what is 10133 + 100?
10233
In base 7, what is -41 + 2304?
2233
In base 6, what is -145520 - 115?
-150035
In base 10, what is -437 + 62?
-375
In base 7, what is -5414 - -3?
-5411
In base 15, what is 4e - 1e8e?
-1e40
In base 16, what is -5ba - -89?
-531
In base 8, what is -1 + -736406?
-736407
In base 10, what is -23 + 58861?
58838
In base 16, what is -d + 2bfb?
2bee
In base 6, what is 200 - -324?
524
In base 16, what is -c9f + -1d6?
-e75
In base 8, what is -5 + 24430?
24423
In base 6, what is 23 + 13405?
13432
In base 7, what is -51643 - 111?
-52054
In base 10, what is 2 + 9379?
9381
In base 4, what is 1301331 + -3211?
1232120
In base 13, what is -43 + -800?
-843
In base 4, what is -121110212 - -10?
-121110202
In base 7, what is -63633520 - -1?
-63633516
In base 8, what is -216635 + -1?
-216636
In base 15, what is 1ed1 - -1?
1ed2
In base 5, what is -44321 + -101?
-44422
In base 4, what is 11120330 - 10?
11120320
In base 14, what is -2 - 38831?
-38833
In base 8, what is 155 + 64?
241
In base 3, what is -10 - -201000021?
201000011
In base 11, what is -63419 - -4?
-63415
In base 10, what is -7 - 2469?
-2476
In base 4, what is -1112 - 103322?
-111100
In base 13, what is 1 - 2231b?
-2231a
In base 8, what is 641 + -26?
613
In base 16, what is -3 - 58e2e?
-58e31
In base 9, what is 3 - 35141?
-35137
In base 6, what is 153510 + 3?
153513
In base 10, what is 2537 + -431?
2106
In base 5, what is 13 - -34401?
34414
In base 9, what is -80 - 2187?
-2277
In base 13, what is 0 + -730c?
-730c
In base 2, what is -1 - -1011001110?
1011001101
In base 12, what is 12a46 - 10?
12a36
In base 4, what is -1001220 - 3222?
-1011102
In base 5, what is 10443 - 22?
10421
In base 6, what is 215 - -2000?
2215
In base 6, what is 25 + -21301?
-21232
In base 9, what is -18 - -247376?
247357
In base 3, what is -112110012 + 11100?
-112021212
In base 15, what is 534 - -34?
568
In base 13, what is a59 - 32?
a27
In base 12, what is -4529 + 65?
-4484
In base 3, what is 12 + -21210111221?
-21210111202
In base 15, what is 45d8 - -2?
45da
In base 8, what is -25172 + 35?
-25135
In base 9, what is -16557 - -4?
-16553
In base 12, what is -54 - 1360?
-13b4
In base 8, what is -41 + -6253?
-6314
In base 12, what is -74b + 28?
-723
In base 12, what is 3 + 93b5?
93b8
In base 9, what is -4 + -88265?
-88270
In base 10, what is 5 - 16132?
-16127
In base 15, what is -e29e + -9b?
-e34a
In base 13, what is 1b9 + -5a8?
-3bc
In base 16, what is 3 - 71b9?
-71b6
In base 15, what is 351 - 9c?
2a4
In base 12, what is 2672 - 2?
2670
In base 3, what is 1001 + 20011120?
20012121
In base 15, what is -2 - -680?
67d
In base 7, what is -140213 - -5?
-140205
In base 6, what is -15142 + -214?
-15400
In base 6, what is 1513 + -1450?
23
In base 3, what is 2 - 1022012002?
-1022012000
In base 3, what is -12001120121 + 0?
-12001120121
In base 2, what is -100111011 - 10001110100?
-10110101111
In base 3, what is 1020 - 2111220?
-2110200
In base 6, what is -25 + 212054?
212025
In base 11, what is -15107 + -17?
-15123
In base 2, what is 11011001110000001010 - -10?
11011001110000001100
In base 14, what is -2d3b + -9?
-2d46
In base 4, what is -1110331302 + -21?
-1110331323
In base 2, what is -11 + -1010001011111010100?
-1010001011111010111
In base 3, what is 100120 - -100?
100220
In base 12, what is -1483 - -73?
-1410
In base 15, what is -3 + -3873?
-3876
In base 10, what is -29011 - 86?
-29097
In base 13, what is -183 - -154?
-2c
In base 11, what is -8 - -43938?
43930
In base 14, what is 3 - 37b4?
-37b1
In base 10, what is -804 - 229?
-1033
In base 14, what is 2 - -2c9c?
2ca0
In base 3, what is -1201221000 + 112?
-1201220111
In base 16, what is -12bc4 - 0?
-12bc4
In base 3, what is -20122 + -1211202?
-2002101
In base 14, what is -107 + -4d?
-156
In base 3, what is 11011221 - -122?
11012120
In base 7, what is -3 + -16431364?
-16431400
In base 13, what is -210a - 46?
-2153
In base 15, what is 3b - -142?
17d
In base 13, what is -2 + -441c?
-4421
In base 6, what is 1313001 + 3?
1313004
In base 6, what is -41520 - 2?
-41522
In base 5, what is -32421 + -10101?
-43022
In base 4, what is 121201033 - -132?
121201231
In base 5, what is 2 + 20302402?
20302404
In base 9, what is 4 - -66412?
66416
In base 7, what is 3215 + 51?
3266
In base 6, what is 1 + -11212012?
-11212011
In base 3, what is 10 + -12112011202?
-12112011122
In base 4, what is -311323322 + -31?
-311330013
In base 11, what is 5 - -40516?
40520
In base 10, what is 587609 - -1?
587610
In base 9, what is 32826 - 3?
32823
In base 5, what is -22041 + 32?
-22004
In base 9, what is 3484 + 474?
4068
In base 8, what is 70 + -1022?
-732
In base 9, what is 843 + 61?
1014
In base 15, what is 1b49 - -6d?
1bb7
In base 12, what is -135 + -151?
-286
In base 2, what is 101 - 10010110010110?
-10010110010001
In base 2, what is 1100 + -1011111010111?
-1011111001011
In base 11, what is 2 + -1079?
-1077
In base 4, what is -122021303322 - -10?
-122021303312
In base 12, what is -5 - -10b4?
10ab
In base 4, what is 1 - 101302310?
-101302303
In base 3, what is 1 + -1122221201010?
-1122221201002
In base 13, what is -136280 - 5?
-136285
In base 9, what is -178760 - -4?
-178755
In base 7, what is 356 + -53441?
-53052
In base 12, what is 9 - 321?
-314
In base 10, what is 35635 + 0?
35635
In base 3, what is 2 + 111122221002?
111122221011
In base 16, what is -c - 341?
-34d
In base 6, what is -14 - -230332?
230314
In base 12, what is 81322 + 3?
81325
In base 4, what is -1323132202 - -12?
-1323132130
In base 8, what is -1515 + -250?
-1765
In base 12, what is 1 + -485?
-484
In base 9, what is 531 - -167?
708
In base 15, what is 8a69 + -2?
8a67
In base 6, what is -3130 + 1044?
-2042
In base 14, what is -612c - -15?
-6117
In base 3, what is 220100011 - 0?
220100011
In base 13, what is -199 + -84?
-250
In base 3, what is -11 - 1110210022?
-1110210110
In base 16, what is -19cc - b8?
-1a84
In base 14, what is -57a + c85?
709
In base 15, what is 1a18 + 137?
1b50
In base 15, what is -863 - 862?
-11c5
In base 15, what is 5 + -4350?
-434a
In base 2, what is 10011100000111 + 1010011?
10011101011010
In base 5, what is 1440 - 1041?
344
In base 2, what is -1001111100010 + -100010100?
-1010011110110
In base 5, what is -2 + 3013300?
3013243
In base 9, what is -27805 - -125?
-27670
In base 10, what is 5618 - -375?
5993
In base 7, what is 5 + 666423?
666431
In base 3, what is -122 + 110221210?
110221011
In base 5, what is 3042 + 1?
3043
In base 11, what is -953334 + -4?
-953338
In base 15, what is 5b86 - -3?
5b89
In base 12, what is -1801 - -1378?
-445
In base 15, what is 1a - -13a8?
13c3
In base 9, what is -5 + 14001?
13885
In base 3, what is 121011121 + 2?
121011200
In base 5, what is -13 + 403342?
403324
In base 12, what is 58 - -381?
419
In base 10, what is 7 - 248?
-241
In base 11, what is 154650 + a?
15465a
In base 4, what is -1010210 + -310?
-1011120
In base 2, what is -10100110011110111 - 101001?
-10100110100100000
In base 5, what is 230 - 20313?
-20033
In base 10, what is -3 - 2016?
-2019
In base 11, what is -84 - 1385?
-1459
In base 9, what is 1134248 - 0?
1134248
In base 9, what is 626 + 52?
678
In base 9, what is -86037 - -1?
-86036
In base 8, what is 3 - 1047242?
-1047237
In base 14, what is 2 + 5661d?
56621
In base 16, what is -1edea + -8?
-1edf2
In base 12, what is 1